hest common divisor of 414 and 782.
46
What is the greatest common factor of 50 and 20225?
25
Calculate the greatest common factor of 289 and 23222.
17
What is the highest common factor of 1887452 and 140?
28
Calculate the greatest common divisor of 56 and 118056.
8
Calculate the greatest common divisor of 15105 and 798.
57
What is the greatest common factor of 871746 and 30?
6
Calculate the greatest common factor of 411039 and 6867.
981
Calculate the greatest common factor of 1472 and 1308.
4
What is the greatest common factor of 1445 and 797351?
289
Calculate the highest common divisor of 153047 and 155.
31
Calculate the highest common factor of 2528 and 71969.
79
Calculate the highest common divisor of 6684 and 11742.
6
Calculate the highest common factor of 219 and 1940632.
73
What is the highest common divisor of 8 and 5636?
4
What is the highest common divisor of 182 and 12714?
26
Calculate the greatest common factor of 3320865 and 510.
255
What is the greatest common divisor of 932073 and 582?
291
Calculate the greatest common divisor of 134140 and 3268.
76
Calculate the highest common factor of 54058 and 302.
302
Calculate the highest common divisor of 561125 and 100.
25
What is the greatest common factor of 4564 and 448?
28
Calculate the greatest common divisor of 17409 and 21.
21
Calculate the highest common factor of 50521 and 38.
19
What is the greatest common factor of 39 and 2796?
3
What is the greatest common divisor of 815 and 65?
5
What is the greatest common factor of 13838 and 91256?
374
Calculate the greatest common factor of 78 and 3216993.
39
Calculate the highest common factor of 119804 and 488.
244
Calculate the greatest common divisor of 15036 and 192.
12
What is the greatest common divisor of 622410 and 30?
30
Calculate the greatest common divisor of 8 and 7576.
8
Calculate the greatest common divisor of 3575 and 3960.
55
Calculate the greatest common divisor of 429512 and 1272.
424
What is the greatest common divisor of 60 and 380580?
60
Calculate the greatest common divisor of 42502 and 316.
158
What is the highest common divisor of 11866 and 238?
34
What is the greatest common divisor of 149098 and 1651?
127
Calculate the greatest common divisor of 3159 and 1482.
39
What is the highest common factor of 1605016 and 448?
56
Calculate the greatest common factor of 63756 and 37268.
308
What is the greatest common divisor of 410859 and 837?
27
Calculate the greatest common factor of 138217 and 1246.
89
Calculate the highest common divisor of 10716 and 376.
188
What is the highest common divisor of 54 and 146259?
27
Calculate the greatest common divisor of 577 and 268882.
577
What is the highest common factor of 800 and 40060?
20
Calculate the highest common factor of 260 and 6350.
10
What is the greatest common factor of 1282 and 3306278?
1282
What is the greatest common divisor of 41276 and 1821?
607
Calculate the greatest common divisor of 861 and 102377.
41
Calculate the highest common divisor of 16414 and 174.
58
What is the greatest common factor of 23 and 3508259?
23
What is the greatest common factor of 13131 and 99212?
1459
Calculate the highest common factor of 8880858 and 63.
63
Calculate the highest common factor of 27440 and 1760.
80
Calculate the highest common factor of 126 and 1276839.
9
Calculate the greatest common divisor of 765 and 11403.
9
What is the highest common divisor of 238 and 4487?
7
What is the greatest common factor of 527 and 181939?
31
Calculate the greatest common factor of 1391773 and 51.
17
What is the highest common factor of 1096 and 12944?
8
Calculate the greatest common factor of 330 and 1450405.
55
Calculate the highest common divisor of 242149 and 2315.
463
What is the greatest common divisor of 10 and 835?
5
Calculate the greatest common divisor of 437903 and 34.
17
What is the highest common factor of 1157 and 26234?
13
Calculate the greatest common divisor of 162148 and 28.
28
What is the greatest common divisor of 526534 and 2?
2
Calculate the highest common divisor of 6660 and 72594.
666
Calculate the highest common factor of 2812 and 28268.
148
What is the highest common factor of 73420 and 20?
20
Calculate the highest common factor of 674649 and 81.
81
What is the greatest common factor of 1235 and 475?
95
What is the greatest common divisor of 189 and 7717248?
189
Calculate the highest common factor of 50813 and 17.
17
What is the highest common factor of 825 and 1447710?
165
What is the greatest common factor of 1628271 and 4767?
681
Calculate the highest common factor of 2660 and 48830.
190
Calculate the greatest common factor of 52997 and 1876.
469
Calculate the greatest common divisor of 19312 and 816.
272
What is the greatest common divisor of 70056 and 15846?
834
What is the greatest common divisor of 84 and 2643?
3
Calculate the greatest common factor of 1327089 and 3.
3
Calculate the greatest common factor of 4601208 and 24.
24
What is the highest common divisor of 142288 and 80?
16
What is the highest common divisor of 126 and 27062?
14
Calculate the highest common factor of 333 and 180264.
111
Calculate the highest common divisor of 152640 and 318.
318
What is the highest common factor of 1398055 and 115?
115
What is the greatest common factor of 39 and 245124?
3
What is the highest common divisor of 31992 and 1419?
129
What is the greatest common divisor of 2131954 and 22?
22
What is the highest common divisor of 574506 and 126?
18
Calculate the greatest common divisor of 10875 and 1131.
87
What is the highest common factor of 30276 and 198?
18
What is the highest common factor of 43 and 102469?
43
What is the greatest common divisor of 37296 and 3885?
777
Calculate the highest common divisor of 63 and 50580.
9
What is the highest common factor of 122 and 19886?
122
Calculate the highest common divisor of 1565550 and 3834.
1278
What is the highest common divisor of 359920 and 32?
16
Calculate the highest common divisor of 1007 and 304988.
19
Calculate the greatest common factor of 302 and 1320646.
302
What is the highest common divisor of 2220581 and 253?
253
What is the greatest common divisor of 366346 and 226?
226
Calculate the greatest common factor of 3745 and 154615.
535
Calculate the greatest common factor of 17138 and 361.
19
Calculate the greatest common factor of 363510 and 72.
18
What is the greatest common divisor of 5379 and 184842?
489
Calculate the highest common factor of 42720 and 180.
60
What is the greatest common factor of 373 and 365540?
373
Calculate the highest common divisor of 966 and 3485328.
966
What is the greatest common divisor of 200272 and 96?
16
What is the greatest common divisor of 8 and 137318?
2
Calculate the highest common divisor of 126 and 54047.
7
Calculate the greatest common factor of 6188 and 748.
68
Calculate the greatest common factor of 687 and 40991.
229
Calculate the greatest common factor of 24991 and 603.
67
Calculate the greatest common factor of 159109 and 856.
107
What is the highest common factor of 8365248 and 1504?
1504
What is the highest common factor of 304 and 201728?
16
What is the greatest common factor of 7701 and 14043?
453
What is the highest common factor of 4131 and 561?
51
Calculate the highest common divisor of 2698 and 2130.
142
What is the greatest common factor of 75 and 286735?
5
What is the highest common factor of 4209 and 2875?
23
What is the highest common factor of 608 and 11457?
19
What is the greatest common factor of 130248 and 3645?
243
Calculate the highest common factor of 670634 and 2151.
239
Calculate the highest common divisor of 1377 and 5661.
153
Calculate the greatest common divisor of 6778 and 278.
2
What is the highest common divisor of 10 and 52205?
5
Calculate the highest common factor of 4901 and 1247.
29
What is the highest common factor of 5009462 and 82?
82
What is the greatest common divisor of 305 and 122183?
61
What is the greatest common divisor of 40592 and 172688?
688
Calculate the highest common divisor of 2079 and 14175.
189
Calculate the greatest common factor of 66 and 176858.
22
Calculate the highest common divisor of 242625 and 85.
5
What is the greatest common factor of 7 and 1325443?
7
Calculate the highest common factor of 11776 and 12972.
92
